 -1. Suppose -3*w - 580 = -5*i, i + j - o = 3*w. What is the tens digit of i?
1
Let d(q) = -6*q**3 + 14*q**2 + 18*q - 7. Let c(m) = 5*m**3 - 15*m**2 - 19*m + 4. Let s(i) = -5*c(i) - 4*d(i). What is the hundreds digit of s(18)?
7
Let m(u) = 8*u**2 + 41*u - 146. What is the units digit of m(-32)?
4
Suppose -2*n + 2*u - 10 = 0, 13*u - 10*u = n + 13. What is the hundreds digit of 30/n*(54 + -62)?
2
Let m = 299 + 2034. What is the units digit of m?
3
Let p be (-14)/(-9) + (-152)/(-342). Suppose -q - 5*l = -858, -p*l + 7*l - 4250 = -5*q. What is the tens digit of q?
4
Suppose 0 = -3*x - 3*b - 45, 0 = -2*b - 7 + 1. Let k = 36 - x. What is the hundreds digit of (0 - 48)/(2/(k/(-9)))?
1
Let z be (-136)/(-3)*(-966)/(-28). Let a = z - 818. What is the hundreds digit of a?
7
Let i be -6 + 44/8 + 58/(-4). Let s(x) = 2*x**2 + 20*x + 10. What is the units digit of s(i)?
0
Let r(t) = t**3 - 3*t**2 - 8*t - 6. Let w be r(5). Suppose w*l + 14*l = 4446. What is the tens digit of l?
4
Let p(s) = -40*s + 55. Let c be p(-3). Let m = -103 + c. What is the tens digit of m?
7
Suppose -40505 = -16*y + 11*y - 5*s, -4*s = -4*y + 32396. What is the hundreds digit of y?
1
Let c(j) = j**3 + 2*j**2 - 2*j + 7. Let m be c(-3). Suppose 2*a + 2*n - 524 = 0, m*n - 1 = 3. Suppose 4*r + 5*r - a = 0. What is the tens digit of r?
2
What is the thousands digit of 20/((-1560)/(-592787)) + 1/6?
7
Suppose k - 5*i = -65, 0 = -k - i - 70 + 17. Let s = 42 + k. What is the tens digit of 7*s/(15/18 + -2)?
7
Suppose 3*k = 3*a + 42, 5*a + 0*k + 70 = 2*k. What is the tens digit of 77763/49 + a/(-2)?
9
What is the units digit of (-7 + 16 - -126)/(2/38)?
5
Let i(m) = -3*m**2 + 31*m - 52. Let x be i(8). Suppose 0 = 4*b + 4*t - 4660, 0 = 2*b - 3*b - x*t + 1165. What is the thousands digit of b?
1
Suppose -18*y + 2*y = -1760. What is the hundreds digit of 10/y + 6731/11?
6
Let g(f) = -5*f + 29. Let i(q) = -q. Let w(v) = g(v) + 2*i(v). Let r(n) = -10*n + 43. Let s(x) = 5*r(x) - 7*w(x). What is the units digit of s(11)?
1
Let j be 96 - (-3 + (-72)/(-8)). What is the units digit of 67035/j + (-1 - 7/(-6))?
5
Let k(o) = 68*o**2 - 152*o - 288. What is the units digit of k(-20)?
2
Suppose -131952 = -4*t + 3*j - j, -3*t + 6*j = -98991. What is the ten thousands digit of t?
3
Suppose 0 = -f - 5, -2*q + 39*f + 106434 = 35*f. What is the tens digit of q?
0
Let x be (-16)/4 + 58 + -8. Let s = -13 - -18. Suppose -c - 49 = -g + x, s*c = 3*g - 277. What is the units digit of g?
9
Let t = 82334 - 42819. What is the tens digit of t?
1
Let q = 397 + 463. What is the hundreds digit of q?
8
Suppose -3*h - 2*m = 43 + 3, 3*h - 5*m = -74. What is the tens digit of (19827/54 - 2) + 3/h?
6
Suppose -3*k = -4*l + 99766, 2*l = 4*k - 20775 + 70653. What is the thousands digit of l?
4
Let n = -51920 + 90893. What is the tens digit of n?
7
Suppose -29*u + 1186 + 2178 = 0. Suppose u*c + 2114 = 118*c. What is the tens digit of c?
5
Let k(h) = 291*h + 7308. What is the units digit of k(8)?
6
Let k be 10556/22 + (-2)/(-11). Suppose -10*v = -7*v - k. What is the hundreds digit of v?
1
Suppose -5*p - 20*a + 43261 = -18*a, -p + 5*a = -8663. What is the units digit of p?
3
Let z be ((1314/15)/2)/((-43)/(-215)). Suppose -5*d + 4*d = 95. Let x = d + z. What is the tens digit of x?
2
Let v(g) = 3*g**2 + 10*g + 17. Let c be 1/2*8*-1. Let u be v(c). Let q = 32 + u. What is the tens digit of q?
5
Let p(r) = r**3 - 26*r**2 - 87*r - 4. Let n be p(29). Let q(z) be the third derivative of -z**4/6 - 7*z**3/6 - 2*z**2. What is the units digit of q(n)?
9
Suppose 476*h - 114*h - 1886028 + 166890 = 0. What is the thousands digit of h?
4
What is the thousands digit of 27/(-54) - 34098/(-12)?
2
Let b be (40/16)/(1/2). Suppose 2 = -n + 6, -6454 = -b*w - n. What is the thousands digit of w?
1
What is the tens digit of -6059*(12/(-8) + 2)*-2?
5
Let c(n) = 441*n**2 - 239*n - 1680. What is the units digit of c(-7)?
2
Let p(h) = h**3 - 5*h - 4. Let y be p(-1). Suppose y = -0*t + 5*t - 4*q - 4641, 5*t + 3*q = 4648. What is the hundreds digit of t?
9
Suppose 5*j = -5*u - 1565, -3*j = u - 2*u + 935. Let b = j + 353. What is the tens digit of b?
4
Suppose 0 = 5*i - g - 61824, 188*i - 3*g + 61848 = 193*i. What is the units digit of i?
6
Suppose 9*b - 2*b = 56. Suppose 0 + b = -2*l. What is the units digit of 984/6*(-3)/l?
3
Let k be 16/216*3 - 64/(-36). Let z(j) = j**3 - 2*j + 1. Let c be z(2). Suppose -x = k*x - c*y - 472, 4*x - 633 = 3*y. What is the hundreds digit of x?
1
What is the hundreds digit of 10 - (306608/(-20))/((-20)/(-50))?
3
Let x(s) be the first derivative of 52*s**3 + 10*s**2 + 3*s + 181. What is the thousands digit of x(-3)?
1
What is the hundreds digit of 7521 + -47 - (0 + -3)?
4
Let f = -191 + 194. What is the units digit of f/(-7) + (-2)/((-14)/493)?
0
Let n(k) = 3177*k**2 + 4*k - 29. What is the thousands digit of n(-4)?
0
Suppose -4 - 8 = 4*y. Let c(a) = -7*a - 63. Let h(w) = -4*w - 39. Let s(x) = 5*c(x) - 8*h(x). What is the units digit of s(y)?
6
Let o(q) = -4*q**3 - q**2 + 4*q + 4. Suppose -34*s + 40*s - 18 = 0. Let u be o(s). Let k = -50 - u. What is the units digit of k?
1
Let f be 1/(4*1) - 11/44. Suppose f = -79*r + 83*r - 744. What is the hundreds digit of r?
1
Let f = -13510 + 21571. What is the units digit of f?
1
Let p be -2904 - (-13)/((-78)/(-36)). What is the hundreds digit of p/3*(-6 - 51/(-9))?
3
Let w be ((-1)/((-12)/(-248)))/(16/(-216)). Suppose 2*g - 7*g = -2*x - 462, 3*x + w = 3*g. What is the tens digit of g?
9
Let o(u) = 1095*u**2 + 19*u - 19. Let d be o(1). Suppose -5*c - 3*v = -d, -8*c - 903 = -12*c + 3*v. What is the tens digit of c?
2
Let y(s) = 7*s - 3 - 4 + 6*s - 4*s. Let i be y(1). Suppose -i*c = 4*p - 398, 8 + 2 = -2*c. What is the tens digit of p?
0
Let q(d) = -9*d**3 + 131*d**2 - 13*d - 58. Let s be q(14). Suppose -2*r = -r - 5. Suppose -h - s = -r*h. What is the units digit of h?
5
Suppose 1941*g - 1933*g - 14464 = 0. What is the thousands digit of g?
1
Suppose 13 - 3 = -10*w. Let f be (-5247)/(-77) + w/7. Let d = -24 + f. What is the units digit of d?
4
Let g(d) = 2*d**3 + 10*d**2 + 2*d - 50. What is the thousands digit of g(10)?
2
What is the ten thousands digit of (40498/3)/((-540)/(-2430))?
6
What is the ten thousands digit of (7 + (-151224)/36)*-3?
1
Let c = -31492 + 66545. What is the thousands digit of c?
5
Suppose -3*k + 2*s + 52 = 0, -17*k + 2*s - 56 = -20*k. What is the thousands digit of (k/(-4))/(120/(-29920))?
1
Suppose -54*p - 8415 = 50*p - 107*p. What is the hundreds digit of p?
8
Let r be (-4)/38 - -8*10/38. Suppose 2*t = -3*v + 4016, -v + r*t = -1066 - 270. What is the hundreds digit of v?
3
Let o be (-23 + 23)*(1 - 2). Suppose o = -19*u + 2133 + 375. What is the tens digit of u?
3
Let q(n) be the first derivative of 59*n**2 + 28*n - 11. What is the hundreds digit of q(2)?
2
Let c(h) = -152*h + 954. What is the hundreds digit of c(-48)?
2
Suppose -33153 = 22*k - 68982 - 71619. What is the hundreds digit of k?
8
Let u = -6847 + 13118. What is the thousands digit of u?
6
Let k be 322 + 1 + (2 - 5). Suppose -2*z - 4*m + k = 3*z, -15 = 3*m. Let f = z + -34. What is the tens digit of f?
3
Suppose -i - 3*i = 23*i. Let d(t) = 6*t**2 + 2*t + 504. What is the units digit of d(i)?
4
Suppose -5*m - 130 = 10. Suppose 3*o = 7*q - 414, -5*o + 2*o = -2*q + 114. Let d = q - m. What is the units digit of d?
8
Let r(i) = -i**2 + 7*i + 418. Let f(l) = -l**2 - 10*l - 21. Let j be f(-7). What is the tens digit of r(j)?
1
Suppose -8*k = -7*k + 2*b - 1765, -5*b - 10 = 0. What is the units digit of k?
9
Let l(y) = -32*y**2 + 1. Let t be 3/12 - (-10)/(-8). Let c be l(t). Let v = c + 32. What is the units digit of v?
1
Suppose 8*k - 20 = 5*o + 12*k, 3*k = 5*o - 15. Suppose o = 16*g + 7*g - 11684. What is the tens digit of g?
0
Let h(t) = 598*t - 41. Suppose 8*u - 5*a + 1 = 5*u, -16 = -2*u - 5*a. What is the tens digit of h(u)?
5
Let j(m) = -129*m + 8. Let f(x) = -259*x + 14. Let r(t) = 4*f(t) - 7*j(t). Let p be r(3). Let c = -199 - p. What is the tens digit of c?
0
Let y(d) = 42*d - 296. Suppose 4*r + 56 = 3*j, j + 2*r - 27 + 5 = 0. What is the tens digit of y(j)?
4
Suppose 0 = 2*x + x - 6, -4*x = t + 1139. Let m = 1743 + t. Suppose m = 6*j + 188. What is the units digit of j?
8
Suppose s = 3*y + 40561, -22*s - 20